What is -2020211020 (base 3) in base 16?
-ad34
Convert 44410 (base 5) to base 16.
c21
-280 (base 15) to base 10
-570
Convert dff (base 16) to base 6.
24331
12000211 (base 3) to base 6
24551
2d27 (base 15) to base 12
5754
What is -30210 (base 10) in base 9?
-45386
What is -394b (base 14) in base 5?
-310223
Convert 265 (base 9) to base 4.
3131
What is -1220112101 (base 3) in base 9?
-56471
-44a81 (base 11) to base 8
-177243
What is -1815 (base 11) in base 16?
-90b
What is -222 (base 9) in base 3?
-20202
1977 (base 10) to base 11
1538
What is -23103222 (base 4) in base 10?
-46314
What is -1552 (base 16) in base 13?
-263b
What is -113111 (base 8) in base 3?
-1221202221
-1100000100101010 (base 2) to base 4
-30010222
What is aa9 (base 13) in base 16?
725
238 (base 11) to base 5
2113
Convert -136402 (base 7) to base 13.
-bc56
What is 1147a (base 11) in base 9?
24621
What is 4422 (base 6) in base 8?
1776
What is 22414 (base 5) in base 9?
2177
What is d5b (base 14) in base 7?
10444
What is -124040 (base 6) in base 11?
-8503
What is -76305 (base 9) in base 5?
-3104144
Convert -2328 (base 15) to base 13.
-3521
What is -57601 (base 9) in base 3?
-1221200001
6aa7 (base 13) to base 7
61521
283 (base 10) to base 6
1151
Convert -110100001011 (base 2) to base 3.
-11120200
Convert a872 (base 13) to base 10.
23415
What is 75b (base 15) in base 3?
2021112
-297 (base 11) to base 2
-101011100
Convert 5208 (base 11) to base 10.
6905
-25482 (base 11) to base 15
-ac41
What is 1445 (base 7) in base 15?
282
-435 (base 6) to base 13
-cb
-145 (base 12) to base 2
-11000101
Convert 1100000000101011 (base 2) to base 10.
49195
-2122021 (base 4) to base 5
-303430
What is 1334 (base 9) in base 2?
1111101011
-17302 (base 9) to base 10
-11909
What is -4451 (base 7) in base 2?
-11001000100
Convert -28a (base 11) to base 7.
-664
Convert 205 (base 6) to base 13.
5c
Convert 458 (base 9) to base 4.
11321
10102 (base 6) to base 4
110312
-b8 (base 15) to base 4
-2231
What is -255 (base 14) in base 8?
-723
Convert -9d (base 15) to base 8.
-224
-75a (base 16) to base 15
-857
What is 24414 (base 5) in base 6?
12335
1010111011011 (base 2) to base 3
21200020
Convert 771 (base 11) to base 7.
2461
Convert -53703 (base 10) to base 2.
-1101000111000111
Convert 10343 (base 5) to base 6.
3203
-22113 (base 4) to base 13
-3c0
7c34 (base 14) to base 11
15262
-23422 (base 7) to base 9
-8254
Convert 488 (base 13) to base 9.
1065
Convert -110111001 (base 3) to base 15.
-2a6a
Convert a1d (base 15) to base 12.
139a
1986 (base 13) to base 16
ef4
Convert -1 (base 11) to base 6.
-1
120211112 (base 3) to base 7
45440
What is 11210110 (base 4) in base 12?
11244
Convert -22010 (base 4) to base 5.
-10034
What is 7b (base 13) in base 12?
86
-12200321 (base 4) to base 16
-6839
-44022 (base 5) to base 3
-11010120
What is 1111011100 (base 2) in base 4?
33130
Convert 4164 (base 7) to base 14.
76b
-2008 (base 11) to base 10
-2670
Convert -59ee (base 15) to base 9.
-28208
-116 (base 15) to base 2
-11110110
-1521 (base 12) to base 5
-34343
What is -2146 (base 12) in base 2?
-111001000110
What is -e1 (base 16) in base 5?
-1400
What is -249 (base 10) in base 6?
-1053
Convert -20507 (base 9) to base 16.
-34de
What is 15a72 (base 14) in base 8?
151664
What is 299 (base 11) in base 9?
428
46a (base 14) to base 2
1101101110
What is 164 (base 11) in base 14?
d9
Convert 2314 (base 14) to base 8.
13716
11c (base 15) to base 7
510
Convert -33032 (base 7) to base 4.
-2000333
What is -101001011010 (base 2) in base 10?
-2650
-10101101000101 (base 2) to base 10
-11077
Convert -151551 (base 6) to base 11.
-10039
What is 6286 (base 11) in base 3?
102102020
What is -86 (base 13) in base 3?
-11002
-11222102 (base 3) to base 11
-27aa
Convert 1111 (base 8) to base 7.
1464
-771 (base 15) to base 2
-11010010001
What is 246 (base 12) in base 14?
1a6
What is 1100101010 (base 2) in base 12?
576
What is -10001100110011 (base 2) in base 14?
-33d9
-32362 (base 8) to base 15
-4039
Convert -1241 (base 7) to base 9.
-572
-21101010 (base 3) to base 5
-133001
Convert ac7 (base 16) to base 9.
3705
-1101140 (base 5) to base 13
-87c5
Convert 8d0 (base 16) to base 6.
14240
33303 (base 6) to base 15
159c
What is -5356 (base 7) in base 15?
-86d
-31a77 (base 11) to base 6
-555300
-2ba (base 14) to base 3
-202121
Convert 295 (base 12) to base 8.
621
What is 232 (base 16) in base 5?
4222
What is 8414 (base 10) in base 9?
12478
What is -107 (base 16) in base 13?
-173
What is 111203 (base 4) in base 11?
1044
What is 127632 (base 8) in base 7?
245030
What is 443 (base 16) in base 3?
1111102
12020 (base 3) to base 14
a1
642 (base 7) to base 13
1bc
-120102 (base 8) to base 16
-a042
Convert 122 (base 6) to base 11.
46
What is 11221 (base 8) in base 3?
20112001
What is 1b57 (base 16) in base 15?
2119
What is -502 (base 15) in base 3?
-1112202
What is -2106 (base 7) in base 13?
-450
-13132 (base 4) to base 3
-122201
403 (base 16) to base 4
100003
-4374 (base 9) to base 2
-110010011010
-21313 (base 5) to base 9
-2000
What is -4665 (base 15) in base 6?
-153105
Convert -44143 (base 6) to base 3.
-22101100
2675 (base 11) to base 13
176c
What is 1323032 (base 6) in base 9?
121422
Convert -4510 (base 11) to base 16.
-1734
12020 (base 4) to base 3
112112
Convert 6fa3 (base 16) to base 6.
340151
What is -2c6 (base 16) in base 9?
-868
What is 1300 (base 5) in base 10?
200
What is -1d3 (base 16) in base 3?
-122022
What is 3164 (base 8) in base 5?
23102
-263 (base 8) to base 6
-455
Convert 210020 (base 3) to base 13.
351
Convert 19e (base 15) to base 11.
310
What is 3457 (base 9) in base 14?
d11
-962 (base 10) to base 9
-1278
1101110010101 (base 2) to base 16
1b95
-309 (base 11) to base 12
-270
What is 2259 (base 14) in base 4?
1131013
Convert 133 (base 4) to base 7.
43
167 (base 8) to base 13
92
What is 3bb (base 16) in base 2?
1110111011
Convert -100011011100110 (base 2) to base 8.
-43346
Convert 634c (base 15) to base 14.
791b
What is -413304 (base 6) in base 9?
-50434
Convert -219 (base 13) to base 12.
-260
Convert -7cce (base 15) to base 13.
-c0bc
What is 120022 (base 3) in base 2?
110011101
What is 1110000000 (base 2) in base 11?
745
What is -139b1 (base 12) in base 7?
-142510
Convert 150 (base 16) to base 4.
11100
-165a (base 16) to base 13
-27b2
Convert 5515 (base 6) to base 14.
66b
-20212102 (base 3) to base 15
-173b
Convert 110110 (base 2) to base 12.
46
What is -1322 (base 4) in base 12?
-a2
What is -2598 (base 11) in base 4?
-310232
Convert -1324 (base 6) to base 9.
-417
2c13 (base 14) to base 12
4669
What is -8d9 (base 14) in base 2?
-11011011111
-8b4 (base 12) to base 8
-2410
-17624 (base 9) to base 16
-2f8c
Convert 110011100010011 (base 2) to base 4.
12130103
What is -24403 (base 6) in base 7?
-13335
-3605 (base 7) to base 4
-110300
What is -1001001 (base 2) in base 16?
-49
-889 (base 10) to base 3
-1012221
What is 1884 (base 10) in base 12?
1110
5a15 (base 11) to base 8
17311
2a01 (base 13) to base 7
23512
Convert 11633 (base 8) to base 13.
2391
What is -12285 (base 12) in base 11?
-17517
-14870 (base 10) to base 8
-35026
1cdb (base 14) to base 13
253b
What is 1e (base 16) in base 3?
1010
What is 102102000 (base 4) in base 13?
28110
Convert 131111 (base 4) to base 8.
3525
What is 708 (base 13) in base 12?
833
3679 (base 10) to base 7
13504
Convert -1002211102 (base 3) to base 5.
-1143441
-12b (base 13) to base 12
-152
What is 460 (base 9) in base 11?
314
-44207 (base 8) to base 10
-18567
What is 110111 (base 2) in base 8?
67
Convert 7af (base 16) to base 12.
117b
-2c (base 15) to base 2
-101010
Convert -11204 (base 6) to base 16.
-634
-10112 (base 5) to base 15
-2dc
443 (base 5) to base 3
11120
Convert -40422 (base 5) to base 7.
-10421
5500 (base 7) to base 3
2200121
What is 687 (base 9) in base 15?
27a
101000111101 (base 2) to base 6
20045
-11200012 (base 4) to base 16
-5806
What is -12320 (base 5) in base 6?
-4240
Convert -2048 (base 15) to base 14.
-26b0
What is 15 (base 10) in base 3?
120
b6aa (base 15) to base 9
57887
-4 (base 13) to base 12
-4
25255 (base 7) to base 15
1e8a
Convert 43661 (base 7) to base 6.
122442
Convert -349 (base 15) to base 8.
-1350
-1334 (base 9) to base 5
-13003
Convert 51 (base 10) to base 16.
33
Convert 1e7d (base 16) to base 7.